{"id":145,"date":"2016-09-26T02:08:58","date_gmt":"2016-09-26T02:08:58","guid":{"rendered":"http:\/\/sw-themes.com\/porto_dummy\/?page_id=8"},"modified":"2024-11-27T13:53:55","modified_gmt":"2024-11-27T16:53:55","slug":"agudometalurgica","status":"publish","type":"page","link":"https:\/\/agudo.com.br\/?page_id=145","title":{"rendered":"QUEM SOMOS"},"content":{"rendered":"<p>[vc_row][vc_column width=&#8221;1\/2&#8243; offset=&#8221;vc_col-md-8&#8243;][vc_custom_heading text=&#8221;Bem Vindo a Agudo Metal\u00fargica&#8221; use_theme_fonts=&#8221;yes&#8221; el_class=&#8221;m-b-xs&#8221;][vc_column_text]<\/p>\n<p align=\"justify\">Desde o ano 2000\u00a0a Agudo\u00a0Metal\u00fargica \u00e9 uma empresa equipada para a executar\u00a0diversos servi\u00e7os de manuten\u00e7\u00e3o industrial e usinagem, atendendo diversos segmentos da ind\u00edstria nacional.<\/p>\n<p align=\"justify\">\u00a0Trabalhamos com um alto \u00edndice de satisfa\u00e7\u00e3o de nossos clientes. Temos foco total em redu\u00e7\u00e3o de custo, qualidade e prazo de entrega. Produzimos pe\u00e7as usinadas seriadas, n\u00e3o seriadas e alta produ\u00e7\u00e3o. Pe\u00e7as para manuten\u00e7\u00e3o, desenvolvimento e reposi\u00e7\u00e3o.<\/p>\n<p align=\"justify\">Temos uma longa experi\u00eancia desenvolvendo projetos t\u00e9cnicos em v\u00e1rios segmentos da ind\u00fastria, tais como:, aliment\u00edcias, Qu\u00edmicas, Veterin\u00e1rias, Odontol\u00f3gicas, Famac\u00eauticas, entre outras.<\/p>\n<p align=\"justify\"><strong>Nosso Objetivo<\/strong><\/p>\n<p align=\"justify\">Alcan\u00e7ar a plena satisfa\u00e7\u00e3o de nossos clientes, proporcionando resultados econ\u00f4micos que permitam novos investimentos no cont\u00ednuo crescimento da empresa e em treinamentos e benef\u00edcios que possam ser usufru\u00eddos pela diretoria e por seus colaboradores.<\/p>\n<p>[\/vc_column_text][\/vc_column][vc_column width=&#8221;1\/2&#8243; offset=&#8221;vc_col-md-4&#8243;]<div class=\"porto-carousel owl-carousel  nav-inside \" data-plugin-options=\"{&quot;stagePadding&quot;:0,&quot;margin&quot;:10,&quot;autoplay&quot;:&quot;yes&quot;,&quot;autoplayTimeout&quot;:3000,&quot;autoplayHoverPause&quot;:false,&quot;items&quot;:1,&quot;lg&quot;:1,&quot;md&quot;:1,&quot;sm&quot;:1,&quot;xs&quot;:1,&quot;nav&quot;:false,&quot;dots&quot;:&quot;yes&quot;,&quot;animateIn&quot;:&quot;&quot;,&quot;animateOut&quot;:&quot;&quot;,&quot;loop&quot;:&quot;yes&quot;,&quot;center&quot;:false,&quot;video&quot;:false,&quot;lazyLoad&quot;:false,&quot;fullscreen&quot;:false}\">[vc_single_image image=&#8221;877&#8243; img_size=&#8221;466&#215;325&#8243; alignment=&#8221;center&#8221;]<\/div><div class=\"stats-block stats-top  \"><div class=\"porto-sicon-top\"><div id=\"porto-icon-46917227269f477f48cc16\" class=\"porto-just-icon-wrapper  \"><div class=\"align-icon\" style=\"text-align:center;\"><\/div><\/div><\/div><div class=\"stats-desc\"><div id=\"counter_25083020769f477f48cc4a\" data-id=\"counter_25083020769f477f48cc4a\" class=\"stats-number\" style=\"  font-size:50px;color:#008fe2;\" data-speed=\"3\" data-counter-value=\"24\" data-separator=\",\" data-decimal=\".\">0<\/div><div class=\"stats-text\" style=\"  font-size:20px;\">Anos de Tradi\u00e7\u00e3o<\/div><\/div><\/div>[\/vc_column][\/vc_row][vc_row full_width=&#8221;stretch_row_content_no_spaces&#8221; wrap_container=&#8221;yes&#8221; is_section=&#8221;yes&#8221; remove_border=&#8221;yes&#8221; el_class=&#8221;m-b-n-xl m-t-xl&#8221; css=&#8221;.vc_custom_1604073367963{background-color: #1e73be !important;}&#8221;][vc_column width=&#8221;2\/3&#8243;][vc_custom_heading text=&#8221;Nossa empresa oferece produtos e servi\u00e7os com alto padr\u00e3o de qualidade, garantindo seguran\u00e7a e praticidade para sua ind\u00fastria.&#8221; font_container=&#8221;tag:h3|text_align:center|color:%23ffffff&#8221; use_theme_fonts=&#8221;yes&#8221; el_class=&#8221;m-b-sm&#8221;][vc_custom_heading text=&#8221;Entre em contato conosco e solicite um or\u00e7amento sem compromisso.&#8221; font_container=&#8221;tag:p|font_size:17|text_align:center|color:%23ffffff&#8221; use_theme_fonts=&#8221;yes&#8221;][\/vc_column][vc_column width=&#8221;1\/3&#8243;][vc_btn title=&#8221;CONTATO&#8221; style=&#8221;flat&#8221; shape=&#8221;square&#8221; size=&#8221;lg&#8221; align=&#8221;center&#8221; skin=&#8221;dark&#8221; scale=&#8221;scale-2&#8243; link=&#8221;url:http%3A%2F%2Fagudo.com.br%2Fcontato%2F|||&#8221; el_class=&#8221;m-t-sm&#8221;][\/vc_column][\/vc_row]<\/p>\n","protected":false},"excerpt":{"rendered":"<p>[vc_row][vc_column width=&#8221;1\/2&#8243; offset=&#8221;vc_col-md-8&#8243;][vc_custom_heading text=&#8221;Bem Vindo a Agudo Metal\u00fargica&#8221; use_theme_fonts=&#8221;yes&#8221; el_class=&#8221;m-b-xs&#8221;][vc_column_text] Desde o ano 2000\u00a0a Agudo\u00a0Metal\u00fargica \u00e9 uma empresa equipada para a executar\u00a0diversos servi\u00e7os de manuten\u00e7\u00e3o industrial e usinagem, atendendo diversos segmentos da ind\u00edstria nacional. \u00a0Trabalhamos com um alto \u00edndice de satisfa\u00e7\u00e3o de nossos clientes. Temos foco total em redu\u00e7\u00e3o de custo, qualidade e prazo de [&hellip;]<\/p>\n","protected":false},"author":1,"featured_media":0,"parent":0,"menu_order":0,"comment_status":"closed","ping_status":"closed","template":"","meta":{"footnotes":""},"class_list":["post-145","page","type-page","status-publish","hentry"],"_links":{"self":[{"href":"https:\/\/agudo.com.br\/index.php?rest_route=\/wp\/v2\/pages\/145","targetHints":{"allow":["GET"]}}],"collection":[{"href":"https:\/\/agudo.com.br\/index.php?rest_route=\/wp\/v2\/pages"}],"about":[{"href":"https:\/\/agudo.com.br\/index.php?rest_route=\/wp\/v2\/types\/page"}],"author":[{"embeddable":true,"href":"https:\/\/agudo.com.br\/index.php?rest_route=\/wp\/v2\/users\/1"}],"replies":[{"embeddable":true,"href":"https:\/\/agudo.com.br\/index.php?rest_route=%2Fwp%2Fv2%2Fcomments&post=145"}],"version-history":[{"count":14,"href":"https:\/\/agudo.com.br\/index.php?rest_route=\/wp\/v2\/pages\/145\/revisions"}],"predecessor-version":[{"id":1137,"href":"https:\/\/agudo.com.br\/index.php?rest_route=\/wp\/v2\/pages\/145\/revisions\/1137"}],"wp:attachment":[{"href":"https:\/\/agudo.com.br\/index.php?rest_route=%2Fwp%2Fv2%2Fmedia&parent=145"}],"curies":[{"name":"wp","href":"https:\/\/api.w.org\/{rel}","templated":true}]}}