{"id":751,"date":"2016-09-26T02:11:12","date_gmt":"2016-09-26T02:11:12","guid":{"rendered":"http:\/\/sw-themes.com\/porto_dummy\/?page_id=16"},"modified":"2020-11-06T09:43:16","modified_gmt":"2020-11-06T12:43:16","slug":"manutencaoindustrial","status":"publish","type":"page","link":"https:\/\/agudo.com.br\/?page_id=751","title":{"rendered":"PROJETOS"},"content":{"rendered":"<p>[vc_row animation_type=&#8221;fadeInUp&#8221;][vc_column]<div class=\"porto-feature-box wpb_content_element \"><div class=\"feature-box feature-box-style-2\"><div class=\"feature-box-icon\"><i class=\"icon-image\" style=\"font-size:14px\"><\/i><\/div><div class=\"feature-box-info\">[vc_custom_heading text=&#8221;M\u00e1quinas e Equipamentos&#8221; font_container=&#8221;tag:h4|text_align:left&#8221; use_theme_fonts=&#8221;yes&#8221; el_class=&#8221;font-weight-semibold m-b-xs&#8221;][vc_column_text el_class=&#8221;m-b-sm&#8221;]Realizamos servi\u00e7os de torno, fresa, plaina, solda e eletroeros\u00e3o.<br \/>\nTamb\u00e9m executamos projetos definidos pelo cliente, fabrica\u00e7\u00e3o, reforma e assist\u00e9ncia t\u00e8cnica em m\u00e1quinas, pe\u00e7as e equipamentos em geral<\/p>\n<p>Entre em contato com a\u00a0<strong>Agudo Metal\u00fargica<\/strong>\u00a0e solicite maiores informa\u00e7\u00f5es.[\/vc_column_text]<\/div><\/div><\/div>[\/vc_column][\/vc_row][vc_row][vc_column][vc_column_text]<div id=\"6a04615600e71\" class=\"gg_gallery_wrap gg_standard_gallery gid_998\" >      <div class=\"gg_loader\">  <div class=\"ggl_1\"><\/div>  <div class=\"ggl_2\"><\/div>  <div class=\"ggl_3\"><\/div>  <div class=\"ggl_4\"><\/div><\/div>  <div class=\"gg_container\">    <div gg-url=\"https:\/\/agudo.com.br\/wp-content\/uploads\/2021\/05\/M\u00e1quina-bobinador-autom\u00e1tico-coaxial.jpg\" gg-title=\"M\u00e1quina bobinador autom\u00e1tico coaxial\" class=\"gg_img \" gg-author=\"\" gg-descr=\"\" rel=\"998\" style=\"width: 250px; height: 188px;\">  <div class=\"gg_img_inner\"><div class=\"gg_main_img_wrap\"><img decoding=\"async\" src=\"https:\/\/agudo.com.br\/wp-content\/uploads\/ewpt_cache\/250x188_100_1_c_FFFFFF_7717499543d095b96ff9a438c802741a.jpg\" id=\"998-https:\/\/agudo.com.br\/wp-content\/uploads\/2021\/05\/M\u00e1quina-bobinador-autom\u00e1tico-coaxial.jpg\" alt=\"M\u00e1quina bobinador autom\u00e1tico coaxial\" class=\"gg_photo gg_main_thumb\" \/><\/div><div class=\"gg_overlays\"><\/div><\/div><\/div><div gg-url=\"https:\/\/agudo.com.br\/wp-content\/uploads\/2021\/05\/Pe\u00e7a-freio-pneum\u00e1tica-gr\u00e1fica.jpg\" gg-title=\"Pe\u00e7a freio pneum\u00e1tica gr\u00e1fica\" class=\"gg_img \" gg-author=\"\" gg-descr=\"\" rel=\"998\" style=\"width: 250px; height: 188px;\">  <div class=\"gg_img_inner\"><div class=\"gg_main_img_wrap\"><img decoding=\"async\" src=\"https:\/\/agudo.com.br\/wp-content\/uploads\/ewpt_cache\/250x188_100_1_c_FFFFFF_669449540310bc576a3b705e6f3e07a5.jpg\" id=\"998-https:\/\/agudo.com.br\/wp-content\/uploads\/2021\/05\/Pe\u00e7a-freio-pneum\u00e1tica-gr\u00e1fica.jpg\" alt=\"Pe\u00e7a freio pneum\u00e1tica gr\u00e1fica\" class=\"gg_photo gg_main_thumb\" \/><\/div><div class=\"gg_overlays\"><\/div><\/div><\/div><div gg-url=\"https:\/\/agudo.com.br\/wp-content\/uploads\/2021\/05\/M\u00e1quina-embalagem-pirulito.jpg\" gg-title=\"M\u00e1quina embalagem pirulito\" class=\"gg_img \" gg-author=\"\" gg-descr=\"\" rel=\"998\" style=\"width: 250px; height: 188px;\">  <div class=\"gg_img_inner\"><div class=\"gg_main_img_wrap\"><img decoding=\"async\" src=\"https:\/\/agudo.com.br\/wp-content\/uploads\/ewpt_cache\/250x188_100_1_c_FFFFFF_4e67922e61ddcebd6411f1a48f42a9ae.jpg\" id=\"998-https:\/\/agudo.com.br\/wp-content\/uploads\/2021\/05\/M\u00e1quina-embalagem-pirulito.jpg\" alt=\"M\u00e1quina embalagem pirulito\" class=\"gg_photo gg_main_thumb\" \/><\/div><div class=\"gg_overlays\"><\/div><\/div><\/div><div gg-url=\"https:\/\/agudo.com.br\/wp-content\/uploads\/2021\/05\/maquinascheck-inc\u00f3digodebarras.jpg\" gg-title=\"M\u00e1quinas check-in c\u00f3digo de barras\" class=\"gg_img \" gg-author=\"\" gg-descr=\"\" rel=\"998\" style=\"width: 250px; height: 188px;\">  <div class=\"gg_img_inner\"><div class=\"gg_main_img_wrap\"><img decoding=\"async\" src=\"https:\/\/agudo.com.br\/wp-content\/uploads\/ewpt_cache\/250x188_100_1_c_FFFFFF_57de99fba1eae07e6c9018bdd6f9b882.jpg\" id=\"998-https:\/\/agudo.com.br\/wp-content\/uploads\/2021\/05\/maquinascheck-inc\u00f3digodebarras.jpg\" alt=\"M\u00e1quinas check-in c\u00f3digo de barras\" class=\"gg_photo gg_main_thumb\" \/><\/div><div class=\"gg_overlays\"><\/div><\/div><\/div><div gg-url=\"https:\/\/agudo.com.br\/wp-content\/uploads\/2021\/05\/pe\u00e7as-roldana-para-p\u00f3rtico.jpg\" gg-title=\"Pe\u00e7as roldana para p\u00f3rtico\" class=\"gg_img \" gg-author=\"\" gg-descr=\"\" rel=\"998\" style=\"width: 250px; height: 188px;\">  <div class=\"gg_img_inner\"><div class=\"gg_main_img_wrap\"><img decoding=\"async\" src=\"https:\/\/agudo.com.br\/wp-content\/uploads\/ewpt_cache\/250x188_100_1_c_FFFFFF_5058b108c74d5b6b517bc748614254d4.jpg\" id=\"998-https:\/\/agudo.com.br\/wp-content\/uploads\/2021\/05\/pe\u00e7as-roldana-para-p\u00f3rtico.jpg\" alt=\"Pe\u00e7as roldana para p\u00f3rtico\" class=\"gg_photo gg_main_thumb\" \/><\/div><div class=\"gg_overlays\"><\/div><\/div><\/div><div gg-url=\"https:\/\/agudo.com.br\/wp-content\/uploads\/2021\/05\/Projeto-simulador-de-vibracao.jpg\" gg-title=\"Projeto simulador de vibra\u00e7\u00e3o\" class=\"gg_img \" gg-author=\"\" gg-descr=\"\" rel=\"998\" style=\"width: 250px; height: 188px;\">  <div class=\"gg_img_inner\"><div class=\"gg_main_img_wrap\"><img decoding=\"async\" src=\"https:\/\/agudo.com.br\/wp-content\/uploads\/ewpt_cache\/250x188_100_1_c_FFFFFF_e3d2829494c56a0f99c61dbed23548cd.jpg\" id=\"998-https:\/\/agudo.com.br\/wp-content\/uploads\/2021\/05\/Projeto-simulador-de-vibracao.jpg\" alt=\"Projeto simulador de vibra\u00e7\u00e3o\" class=\"gg_photo gg_main_thumb\" \/><\/div><div class=\"gg_overlays\"><\/div><\/div><\/div><div gg-url=\"https:\/\/agudo.com.br\/wp-content\/uploads\/2021\/05\/projeto-linha-pscicodelico.jpg\" gg-title=\"Projeto linha pirulito piscicodelico\" class=\"gg_img \" gg-author=\"\" gg-descr=\"\" rel=\"998\" style=\"width: 250px; height: 188px;\">  <div class=\"gg_img_inner\"><div class=\"gg_main_img_wrap\"><img decoding=\"async\" src=\"https:\/\/agudo.com.br\/wp-content\/uploads\/ewpt_cache\/250x188_100_1_c_FFFFFF_00e3cbd67542cb9133895b8fff770004.jpg\" id=\"998-https:\/\/agudo.com.br\/wp-content\/uploads\/2021\/05\/projeto-linha-pscicodelico.jpg\" alt=\"Projeto linha pirulito piscicodelico\" class=\"gg_photo gg_main_thumb\" \/><\/div><div class=\"gg_overlays\"><\/div><\/div><\/div><div gg-url=\"https:\/\/agudo.com.br\/wp-content\/uploads\/2021\/05\/maquina-rotuladeira-cola-pvc.jpg\" gg-title=\"M\u00e1quina rotuladeira cola pvc\" class=\"gg_img \" gg-author=\"\" gg-descr=\"\" rel=\"998\" style=\"width: 250px; height: 188px;\">  <div class=\"gg_img_inner\"><div class=\"gg_main_img_wrap\"><img decoding=\"async\" src=\"https:\/\/agudo.com.br\/wp-content\/uploads\/ewpt_cache\/250x188_100_1_c_FFFFFF_d4a966b458383799dd9daa65700b7665.jpg\" id=\"998-https:\/\/agudo.com.br\/wp-content\/uploads\/2021\/05\/maquina-rotuladeira-cola-pvc.jpg\" alt=\"M\u00e1quina rotuladeira cola pvc\" class=\"gg_photo gg_main_thumb\" \/><\/div><div class=\"gg_overlays\"><\/div><\/div><\/div><div gg-url=\"https:\/\/agudo.com.br\/wp-content\/uploads\/2021\/05\/maquina-rotuladeira-saco-racao.jpg\" gg-title=\"Maquina rotuladeira saco ra\u00e7\u00e3o\" class=\"gg_img \" gg-author=\"\" gg-descr=\"\" rel=\"998\" style=\"width: 250px; height: 188px;\">  <div class=\"gg_img_inner\"><div class=\"gg_main_img_wrap\"><img decoding=\"async\" src=\"https:\/\/agudo.com.br\/wp-content\/uploads\/ewpt_cache\/250x188_100_1_c_FFFFFF_6ad1e8d44451638c3d768ba5d3b8fc3f.jpg\" id=\"998-https:\/\/agudo.com.br\/wp-content\/uploads\/2021\/05\/maquina-rotuladeira-saco-racao.jpg\" alt=\"Maquina rotuladeira saco ra\u00e7\u00e3o\" class=\"gg_photo gg_main_thumb\" \/><\/div><div class=\"gg_overlays\"><\/div><\/div><\/div><div gg-url=\"https:\/\/agudo.com.br\/wp-content\/uploads\/2020\/11\/bomba-para-produto-quimico.jpg\" gg-title=\"Bomba para produto qu\u00edmico\" class=\"gg_img \" gg-author=\"\" gg-descr=\"\" rel=\"998\" style=\"width: 250px; height: 188px;\">  <div class=\"gg_img_inner\"><div class=\"gg_main_img_wrap\"><img decoding=\"async\" src=\"https:\/\/agudo.com.br\/wp-content\/uploads\/ewpt_cache\/250x188_100_1_c_FFFFFF_1aaa663844bd36f5ab879f38eecc15ff.jpg\" id=\"998-https:\/\/agudo.com.br\/wp-content\/uploads\/2020\/11\/bomba-para-produto-quimico.jpg\" alt=\"Bomba para produto qu\u00edmico\" class=\"gg_photo gg_main_thumb\" \/><\/div><div class=\"gg_overlays\"><\/div><\/div><\/div><div gg-url=\"https:\/\/agudo.com.br\/wp-content\/uploads\/2020\/11\/img-2.jpg\" gg-title=\"Carrinho de PP para industria qu\u00edmica\" class=\"gg_img \" gg-author=\"\" gg-descr=\"\" rel=\"998\" style=\"width: 250px; height: 188px;\">  <div class=\"gg_img_inner\"><div class=\"gg_main_img_wrap\"><img decoding=\"async\" src=\"https:\/\/agudo.com.br\/wp-content\/uploads\/ewpt_cache\/250x188_100_1_c_FFFFFF_d15fd616032d85ea991e95198e3c5bcc.jpg\" id=\"998-https:\/\/agudo.com.br\/wp-content\/uploads\/2020\/11\/img-2.jpg\" alt=\"Carrinho de PP para industria qu\u00edmica\" class=\"gg_photo gg_main_thumb\" \/><\/div><div class=\"gg_overlays\"><\/div><\/div><\/div><div gg-url=\"https:\/\/agudo.com.br\/wp-content\/uploads\/2020\/11\/img-7.jpg\" gg-title=\"Carretel calandra de Forma\" class=\"gg_img \" gg-author=\"\" gg-descr=\"\" rel=\"998\" style=\"width: 250px; height: 188px;\">  <div class=\"gg_img_inner\"><div class=\"gg_main_img_wrap\"><img decoding=\"async\" src=\"https:\/\/agudo.com.br\/wp-content\/uploads\/ewpt_cache\/250x188_100_1_c_FFFFFF_2e6ec945be747bc3162bf3ca04a3bbfd.jpg\" id=\"998-https:\/\/agudo.com.br\/wp-content\/uploads\/2020\/11\/img-7.jpg\" alt=\"Carretel calandra de Forma\" class=\"gg_photo gg_main_thumb\" \/><\/div><div class=\"gg_overlays\"><\/div><\/div><\/div><div gg-url=\"https:\/\/agudo.com.br\/wp-content\/uploads\/2020\/11\/img-8.jpg\" gg-title=\"Espremedora de Palmilha\" class=\"gg_img \" gg-author=\"\" gg-descr=\"\" rel=\"998\" style=\"width: 250px; height: 188px;\">  <div class=\"gg_img_inner\"><div class=\"gg_main_img_wrap\"><img decoding=\"async\" src=\"https:\/\/agudo.com.br\/wp-content\/uploads\/ewpt_cache\/250x188_100_1_c_FFFFFF_4c38b869fd3de21debc76bedae1f36d1.jpg\" id=\"998-https:\/\/agudo.com.br\/wp-content\/uploads\/2020\/11\/img-8.jpg\" alt=\"Espremedora de Palmilha\" class=\"gg_photo gg_main_thumb\" \/><\/div><div class=\"gg_overlays\"><\/div><\/div><\/div><div gg-url=\"https:\/\/agudo.com.br\/wp-content\/uploads\/2020\/11\/tampa-para-formo.jpg\" gg-title=\"Tampa para Formo\" class=\"gg_img \" gg-author=\"\" gg-descr=\"\" rel=\"998\" style=\"width: 250px; height: 188px;\">  <div class=\"gg_img_inner\"><div class=\"gg_main_img_wrap\"><img decoding=\"async\" src=\"https:\/\/agudo.com.br\/wp-content\/uploads\/ewpt_cache\/250x188_100_1_c_FFFFFF_55c098e3931fdb53fc692929dc795a50.jpg\" id=\"998-https:\/\/agudo.com.br\/wp-content\/uploads\/2020\/11\/tampa-para-formo.jpg\" alt=\"Tampa para Formo\" class=\"gg_photo gg_main_thumb\" \/><\/div><div class=\"gg_overlays\"><\/div><\/div><\/div><div gg-url=\"https:\/\/agudo.com.br\/wp-content\/uploads\/2020\/11\/tunel-de-frido.jpg\" gg-title=\"Tonel RFIDO\" class=\"gg_img \" gg-author=\"\" gg-descr=\"\" rel=\"998\" style=\"width: 250px; height: 188px;\">  <div class=\"gg_img_inner\"><div class=\"gg_main_img_wrap\"><img decoding=\"async\" src=\"https:\/\/agudo.com.br\/wp-content\/uploads\/ewpt_cache\/250x188_100_1_c_FFFFFF_c5b15c9bbfbf585fc2bb967f4e171cfa.jpg\" id=\"998-https:\/\/agudo.com.br\/wp-content\/uploads\/2020\/11\/tunel-de-frido.jpg\" alt=\"Tonel RFIDO\" class=\"gg_photo gg_main_thumb\" \/><\/div><div class=\"gg_overlays\"><\/div><\/div><\/div><\/div><div style=\"clear: both;\"><\/div><\/div>[\/vc_column_text][\/vc_column][\/vc_row]<\/p>\n","protected":false},"excerpt":{"rendered":"<p>[vc_row animation_type=&#8221;fadeInUp&#8221;][vc_column][\/vc_column][\/vc_row][vc_row][vc_column][vc_column_text][\/vc_column_text][\/vc_column][\/vc_row]<\/p>\n","protected":false},"author":1,"featured_media":0,"parent":0,"menu_order":0,"comment_status":"closed","ping_status":"closed","template":"","meta":{"footnotes":""},"class_list":["post-751","page","type-page","status-publish","hentry"],"_links":{"self":[{"href":"https:\/\/agudo.com.br\/index.php?rest_route=\/wp\/v2\/pages\/751","targetHints":{"allow":["GET"]}}],"collection":[{"href":"https:\/\/agudo.com.br\/index.php?rest_route=\/wp\/v2\/pages"}],"about":[{"href":"https:\/\/agudo.com.br\/index.php?rest_route=\/wp\/v2\/types\/page"}],"author":[{"embeddable":true,"href":"https:\/\/agudo.com.br\/index.php?rest_route=\/wp\/v2\/users\/1"}],"replies":[{"embeddable":true,"href":"https:\/\/agudo.com.br\/index.php?rest_route=%2Fwp%2Fv2%2Fcomments&post=751"}],"version-history":[{"count":10,"href":"https:\/\/agudo.com.br\/index.php?rest_route=\/wp\/v2\/pages\/751\/revisions"}],"predecessor-version":[{"id":999,"href":"https:\/\/agudo.com.br\/index.php?rest_route=\/wp\/v2\/pages\/751\/revisions\/999"}],"wp:attachment":[{"href":"https:\/\/agudo.com.br\/index.php?rest_route=%2Fwp%2Fv2%2Fmedia&parent=751"}],"curies":[{"name":"wp","href":"https:\/\/api.w.org\/{rel}","templated":true}]}}